+ 1755/40.
2, 11
Suppose 0 = 4*v - 5 - 7. Suppose 30 + v = 3*h. List the prime factors of h.
11
Let b be 28*(-1)/1 + -2. What are the prime factors of (b/(-18))/(1/6)?
2, 5
Suppose 0 = -a + 130 + 41. List the prime factors of a.
3, 19
Suppose -4*b + 0*b + 20 = 0. Let v(t) be the third derivative of 5*t**4/24 - t**3 + t**2. What are the prime factors of v(b)?
19
Suppose -3*a + 3*h = -12, 0 = -a - a - 4*h - 10. Let o(j) = 19*j**3 - 2*j**2 + 2*j - 1. List the prime factors of o(a).
2, 3
Let o(f) = -f**3 + 17*f**2 - 11*f - 12. What are the prime factors of o(16)?
2, 17
Suppose 4*d + 0*d = 312. List the prime factors of d.
2, 3, 13
Let t = -5 - -3. Let n be 0 + (t - -3 - -2). Suppose 5 = 3*a - p, -a = n*p + p - 19. What are the prime factors of a?
3
Let o(w) = -2*w. Suppose 3*q - 4*c + 13 = 0, q + 2*c - 2 - 7 = 0. Let f be o(q). What are the prime factors of (1/3)/(f/(-42))?
7
Let h(z) = z**3 + 16*z**2 + 4*z - 8. List the prime factors of h(-15).
157
Suppose -4*g + 16 + 12 = 0. Let n(c) be the third derivative of -c**6/120 + 7*c**5/60 + 2*c**3/3 + c**2. List the prime factors of n(g).
2
Let g = -10 - -14. Suppose -6 = g*a - 42. What are the prime factors of a?
3
Let r(u) = -u**3 - 10*u**2 + 10*u - 11. Let x be r(-11). Suppose -16 + x = -4*l. List the prime factors of l.
2
List the prime factors of 3 + -2 - -19 - 0.
2, 5
Let k(y) = -4*y**2 - 2*y - 1. Let w be k(-1). Let l be (-1 - (5 + w)) + 44. Suppose -l = -2*u - 13. What are the prime factors of u?
2, 7
Suppose r + 14 = -5*g + g, -5*r + 10 = 4*g. What are the prime factors of r?
2, 3
Suppose -5*y = 20, 11 = 3*n + 2*y + 1. Suppose -254 = -5*d + n. List the prime factors of d.
2, 13
Let z(m) = m**3 - 9*m**2 + 8*m + 6. Let l be z(8). Suppose a + 80 = l*a. List the prime factors of a.
2
Let j = -2 + 2. Let c = 0 - j. Suppose c = u - 2*u + 2*n, 12 = u + n. What are the prime factors of u?
2
Let f(m) = 4*m**2 - 3*m + 6. Let n be f(3). Let j = 12 + n. List the prime factors of j.
3, 5
Let r(m) be the first derivative of -m**3/3 + 5*m**2 - 9*m - 4. What are the prime factors of r(7)?
2, 3
Let t = 7 + -5. Suppose 3*k - t*k = 14. What are the prime factors of k?
2, 7
Suppose -4*y = 2*n - 12, -4*n = -y + 3*y. Let f(l) be the second derivative of l**4/4 + l**3/3 + 3*l**2/2 - l. What are the prime factors of f(n)?
11
Let p be (-2 - 0)*(-4)/2. Suppose -p*g - 3*i + 136 = 0, -2*g + 0*i + 68 = 3*i. Suppose 0 = -5*q + 2*d + 50, -3*q + 0*d = -2*d - g. List the prime factors of q.
2
Let h(b) = 3*b**2 - 3*b + 5. What are the prime factors of h(3)?
23
Suppose -4*w + 32 = 5*v, 3*w - 2*v + 2 = 3. Suppose 0*q - 2*q = w*t - 33, 10 = 2*t. List the prime factors of q.
3
Let w be (4/6)/((-1)/3). Let n be w + 1 + (-2 - -7). Suppose -n*f + 47 = 7. List the prime factors of f.
2, 5
Let y be 1/(-2) + 107/2. Suppose 34 = 3*v - y. What are the prime factors of v?
29
What are the prime factors of (-6)/24 - (-137)/4?
2, 17
Let s(q) = q**2 + 7*q + 4. Let v be s(-7). Suppose -v*r = -0*w + w + 82, 5*r - 4*w = -113. What are the prime factors of (-8)/28 - 69/r?
3
Let p(r) = -22*r + 11. Let z be p(-4). Let j = z + -64. What are the prime factors of j?
5, 7
Let g be 6/3 - (1 + -2). Let q(c) = c**3 - 4*c**2 + 3*c + 3. Let k be q(3). Suppose -g = k*f - 51. List the prime factors of f.
2
Suppose -m - 4 = -2*m. Let p = -5 - -9. Suppose -3*v = p*z + v - 48, 2*z - m*v = -6. List the prime factors of z.
7
Let j = 161 - 9. What are the prime factors of j?
2, 19
Suppose 2*m = 9*m. Suppose -2*r = -5*r. Suppose -5*o - 5 = r, m = 2*c + 2*o + 2*o - 28. List the prime factors of c.
2
Suppose 5*g = 3*g. Suppose y + 2*c + 1 = 0, 3*c + g*c = y - 9. Suppose 0 = y*d + 2*t - 31, 4*d - 5*d = -3*t - 14. What are the prime factors of d?
11
Suppose 127 = 5*a + 47. Suppose -3*n = -12, -4*b + n = a - 4. Let l(m) = m**3 + 4*m**2 + 2*m - 2. What are the prime factors of l(b)?
2
Let r = 72 + 32. List the prime factors of r.
2, 13
Let v(k) = 3*k - 13. Let n be v(9). Suppose 0 = -2*h + n + 26. List the prime factors of h.
2, 5
Let a = -77 - -128. What are the prime factors of a?
3, 17
Suppose 29 = 6*f - 5*f. List the prime factors of f.
29
List the prime factors of (-1077)/(-9) - -2 - (-4)/(-6).
11
Suppose 3*i = 4*s - 14, 0*i - 2 = -3*s - 2*i. Let y be -1*(0 - s) - -2. Suppose -4*m + 4*u + 36 = y, 29 = 4*m - 3*u. List the prime factors of m.
5
Let j(a) = 14*a**3 + a + 0*a - 16*a**3 + 1. What are the prime factors of j(-2)?
3, 5
Suppose 3*b = u + 327, 2*b - 7*u - 218 = -9*u. What are the prime factors of b?
109
Suppose -2*u = u + 60. List the prime factors of (-8)/u - (-266)/10.
3
Let r = -1 - -3. Suppose -r*k = k - 12. List the prime factors of k.
2
Suppose -2*v - 15 = -5*n, -2 = -4*n - 2*v + 28. Suppose -n*i - 8 + 33 = 0. List the prime factors of i.
5
Let c(g) = -g**3 + 5*g**2 - 4*g - 4. Let n be c(4). Let u = 6 + n. List the prime factors of u.
2
Let l(v) = -v + 15 + 2*v + 0*v. What are the prime factors of l(-10)?
5
Suppose 0 = -4*h + 4, -3*u = -0*u + 5*h - 95. Suppose 5*a = 4*f - 0*a - u, -3*f - 4*a = -7. Suppose 2 = f*z - 8. What are the prime factors of z?
2
Suppose r - 370 = -r. Suppose 0 = -2*p - q + 75, -2*p + 7*p - r = -2*q. Suppose -p = -3*i + n, -65 = -5*i - 5*n - 0. What are the prime factors of i?
2, 3
Let f(l) be the second derivative of -l**4/12 - 4*l**3/3 - 3*l**2/2 + 6*l. List the prime factors of f(-7).
2
Let q = -7 + -13. List the prime factors of (-6)/10 + (-132)/q.
2, 3
Let y(m) be the second derivative of -m**5/20 - 5*m**4/12 + m**3/2 - 2*m**2 + 9*m. List the prime factors of y(-6).
2, 7
Let n(s) be the second derivative of -s**3/6 - 3*s**2/2 - 3*s. Let k be n(-6). Suppose -k*z = z - 52. List the prime factors of z.
13
Suppose 827 = 15*j + 77. What are the prime factors of j?
2, 5
Let q(u) = u**3 + 10*u**2 + 9*u + 1. List the prime factors of q(-8).
3, 19
Let t(q) = -3 + 2 - 3*q - 6*q. Let k(s) = -8*s - 1. Let i(d) = 6*k(d) - 5*t(d). What are the prime factors of i(-3)?
2
Let w = 38 - 14. What are the prime factors of w?
2, 3
Let s be 3/(12/(-16) + 0). What are the prime factors of 2/2 - (s - 26)?
31
Suppose 0 = -3*n - 2*n + d + 97, 4*n + 4*d - 68 = 0. Suppose 4*v - 16 = -o + 2*o, -n = 4*o - v. What are the prime factors of (-6)/o*8 - 1?
11
Let i be 0/((-2)/((-2)/(-1))). Let n(v) = v**3 - 2. Let l(g) = 4*g**3 - 8. Let h(x) = 2*l(x) - 9*n(x). List the prime factors of h(i).
2
Let n(d) = -9*d + 21. Let p be -3 + -3 + 2 + -10. Let m(t) = -4*t + 10. Let b(a) = p*m(a) + 6*n(a). What are the prime factors of b(12)?
2, 5
Let j(a) = 96*a - 2. Let b be j(1). Suppose 0 = 3*t - 47 - b. List the prime factors of t.
47
Suppose 8 = t + t. Suppose -t*h + 0*h = -16. Let j(k) = 2*k**2 - 4*k - 1. What are the prime factors of j(h)?
3, 5
Let v(r) = -r**3 - 4*r**2 - 2. Let f be v(-3). Let u = -8 - f. What are the prime factors of u?
3
Let b = -5 - -5. Let i be 0 + 11 - (b + -1). Let m = 6 + i. List the prime factors of m.
2, 3
Suppose d - 3*k + 1 = -5*k, 16 = -4*d - 2*k. Let x(j) = -j**3 - 4*j**2 - 3. List the prime factors of x(d).
2, 11
Suppose -4*g = -3*g. Suppose j + j = g. Suppose j = 2*t - 3 - 15. List the prime factors of t.
3
Let b(t) = t**2 - 7*t + 3. Let p(g) = 5*g**2 - 29*g + 11. Let s(a) = 9*b(a) - 2*p(a). Let c be s(-5). Suppose c*y = 2*y + 21. What are the prime factors of y?
7
Let d(k) = 21*k + 11. Let o(w) = -7*w - 4. Let q(l) = 3*d(l) + 8*o(l). What are the prime factors of q(1)?
2
Let w be (-1 - 4/(-4)) + 3. Suppose -5*i + w + 7 = 0. List the prime factors of i.
2
Let p(m) = -21*m**3 + m**2 + 2*m + 1. Let n(s) = -s**3 - 5*s**2 + 6*s - 1. Let o be n(-6). What are the prime factors of p(o)?
3, 7
Suppose -k - 284 = -5*k. List the prime factors of k.
71
Suppose 0*j = 4*z + 3*j - 16, 5*z + 3*j = 17. Let u(r) = -r + 7. Let n be u(4). Let k = n + z. List the prime factors of k.
2
Let l(u) = u + 2. Let p be l(3). Suppose p*j - 7 = 8. Suppose -2*c - 2*h + 12 = 0, -j*h = 2*c - 3*c + 18. List the prime factors of c.
3
Let w be 10/(-25) - 24/(-10). Suppose -w*b + 33 = 3*q + 11, -2*b + 2 = -2*q. List the prime factors of b.
5
Let n be 29/6 + 3/18. Let y be (1 + -3)/((-2)/4). Suppose y*d + p = 6*d - 24, -n*d + 60 = 2*p. What are the prime factors of d?
2, 3
Suppose 4*l - 1553 = -5*x, 3*x = 11*l - 9*l + 923. What are the prime factors of x?
3, 103
Let b(d) 